{"id":30,"date":"2025-04-15T07:20:03","date_gmt":"2025-04-15T07:20:03","guid":{"rendered":"https:\/\/webpro.com.pl\/?page_id=30"},"modified":"2025-04-16T13:17:09","modified_gmt":"2025-04-16T12:17:09","slug":"projektowanie-sprzetu","status":"publish","type":"page","link":"https:\/\/webpro.com.pl\/index.php\/projektowanie-sprzetu\/","title":{"rendered":"Projektowanie PC"},"content":{"rendered":"\t\t<div data-elementor-type=\"wp-page\" data-elementor-id=\"30\" class=\"elementor elementor-30\">\n\t\t\t\t<div class=\"elementor-element elementor-element-bed36cf e-flex e-con-boxed e-con e-parent\" data-id=\"bed36cf\" data-element_type=\"container\" data-e-type=\"container\">\n\t\t\t\t\t<div class=\"e-con-inner\">\n\t\t<div class=\"elementor-element elementor-element-5664ac4 e-con-full e-flex e-con e-child\" data-id=\"5664ac4\" data-element_type=\"container\" data-e-type=\"container\">\n\t\t\t\t<div class=\"elementor-element elementor-element-7dd6052 elementor-widget elementor-widget-image\" data-id=\"7dd6052\" data-element_type=\"widget\" data-e-type=\"widget\" data-widget_type=\"image.default\">\n\t\t\t\t<div class=\"elementor-widget-container\">\n\t\t\t\t\t\t\t\t\t\t\t\t\t\t\t<img fetchpriority=\"high\" decoding=\"async\" width=\"1000\" height=\"667\" src=\"https:\/\/webpro.com.pl\/wp-content\/uploads\/2025\/04\/Projektowanie_PC.png\" class=\"attachment-full size-full wp-image-192\" alt=\"\" srcset=\"https:\/\/webpro.com.pl\/wp-content\/uploads\/2025\/04\/Projektowanie_PC.png 1000w, https:\/\/webpro.com.pl\/wp-content\/uploads\/2025\/04\/Projektowanie_PC-300x200.png 300w, https:\/\/webpro.com.pl\/wp-content\/uploads\/2025\/04\/Projektowanie_PC-768x512.png 768w\" sizes=\"(max-width: 1000px) 100vw, 1000px\" \/>\t\t\t\t\t\t\t\t\t\t\t\t\t\t\t<\/div>\n\t\t\t\t<\/div>\n\t\t\t\t<\/div>\n\t\t<div class=\"elementor-element elementor-element-e405ff9 e-con-full e-flex e-con e-child\" data-id=\"e405ff9\" data-element_type=\"container\" data-e-type=\"container\" data-settings=\"{&quot;background_background&quot;:&quot;classic&quot;}\">\n\t\t\t\t<div class=\"elementor-element elementor-element-8855222 elementor-widget elementor-widget-text-editor\" data-id=\"8855222\" data-element_type=\"widget\" data-e-type=\"widget\" data-widget_type=\"text-editor.default\">\n\t\t\t\t<div class=\"elementor-widget-container\">\n\t\t\t\t\t\t\t\t\t<h5>Projektowanie komputer\u00f3w PC<\/h5><p>Rozumiemy, \u017ce ka\u017cdy u\u017cytkownik ma unikalne potrzeby i oczekiwania dotycz\u0105ce swojego komputera. Dlatego oferujemy us\u0142ugi projektowania komputer\u00f3w PC, kt\u00f3re s\u0105 dostosowane do Twojego stylu \u017cycia, pracy i pasji. Niezale\u017cnie od tego, czy jeste\u015b zapalonym graczem, profesjonalnym grafikiem, czy potrzebujesz komputera do codziennych zada\u0144 biurowych, stworzymy dla Ciebie idealn\u0105 konfiguracj\u0119!<\/p><p><strong>Dlaczego Warto Zainwestowa\u0107 w Komputer Szyty na Miar\u0119?<\/strong><\/p><p>1. <strong>Dostosowanie do Potrzeb<\/strong>: Ka\u017cdy projekt jest unikalny. Dzi\u0119ki naszym us\u0142ugom mo\u017cesz wybra\u0107 komponenty, kt\u00f3re najlepiej odpowiadaj\u0105 Twoim wymaganiom, co pozwala na optymalizacj\u0119 wydajno\u015bci.<\/p><p>2. <strong>Wydajno\u015b\u0107<\/strong>: Wybieraj\u0105c odpowiednie podzespo\u0142y, zapewniamy, \u017ce Tw\u00f3j komputer b\u0119dzie dzia\u0142a\u0142 p\u0142ynnie i efektywnie, niezale\u017cnie od tego, czy grasz w najnowsze gry, edytujesz filmy, czy pracujesz z du\u017cymi zbiorami danych.<\/p><p>3. <strong>Osobisty Styl<\/strong>: Mo\u017cesz dostosowa\u0107 wygl\u0105d swojego komputera, wybieraj\u0105c obudow\u0119, kolorystyk\u0119 i dodatkowe elementy, kt\u00f3re odzwierciedlaj\u0105 Tw\u00f3j styl.<\/p><p>4. <strong>Mo\u017cliwo\u015b\u0107 Rozbudowy<\/strong>: Projektuj\u0105c komputer, uwzgl\u0119dniamy przysz\u0142e potrzeby. Dzi\u0119ki temu mo\u017cesz \u0142atwo rozbudowa\u0107 sw\u00f3j sprz\u0119t, dodaj\u0105c nowe komponenty w miar\u0119 rozwoju technologii.<\/p><p><strong>Jak Przebiega Proces Projektowania?<\/strong><\/p><p>1. Konsultacja: Rozpoczynamy od rozmowy, aby zrozumie\u0107 Twoje potrzeby, preferencje i bud\u017cet. Pomo\u017cemy Ci w wyborze odpowiednich komponent\u00f3w i zaproponujemy optymalne.<\/p><p>2. Dobieramy optymalne rozwi\u0105zanie i przedstawiamy ofert\u0119.<\/p><p>3. Po akceptacji ostatecznej konfiguracji przyst\u0119pujemy do realizacji projektu &#8211; trwa to do 7 dni lecz najcz\u0119\u015bciej oko\u0142o 3 dni roboczych.<\/p>\t\t\t\t\t\t\t\t<\/div>\n\t\t\t\t<\/div>\n\t\t\t\t<\/div>\n\t\t\t\t\t<\/div>\n\t\t\t\t<\/div>\n\t\t\t\t<\/div>\n\t\t","protected":false},"excerpt":{"rendered":"<p>Projektowanie komputer\u00f3w PC Rozumiemy, \u017ce ka\u017cdy u\u017cytkownik ma unikalne potrzeby i oczekiwania dotycz\u0105ce swojego komputera. Dlatego oferujemy us\u0142ugi projektowania komputer\u00f3w PC, kt\u00f3re s\u0105 dostosowane do Twojego stylu \u017cycia, pracy i pasji. Niezale\u017cnie od tego, czy jeste\u015b zapalonym graczem, profesjonalnym grafikiem, czy potrzebujesz komputera do codziennych zada\u0144 biurowych, stworzymy dla Ciebie idealn\u0105 konfiguracj\u0119! Dlaczego Warto Zainwestowa\u0107 [&hellip;]<\/p>\n","protected":false},"author":1,"featured_media":0,"parent":0,"menu_order":0,"comment_status":"closed","ping_status":"closed","template":"","meta":{"footnotes":""},"class_list":["post-30","page","type-page","status-publish","hentry"],"_links":{"self":[{"href":"https:\/\/webpro.com.pl\/index.php\/wp-json\/wp\/v2\/pages\/30","targetHints":{"allow":["GET"]}}],"collection":[{"href":"https:\/\/webpro.com.pl\/index.php\/wp-json\/wp\/v2\/pages"}],"about":[{"href":"https:\/\/webpro.com.pl\/index.php\/wp-json\/wp\/v2\/types\/page"}],"author":[{"embeddable":true,"href":"https:\/\/webpro.com.pl\/index.php\/wp-json\/wp\/v2\/users\/1"}],"replies":[{"embeddable":true,"href":"https:\/\/webpro.com.pl\/index.php\/wp-json\/wp\/v2\/comments?post=30"}],"version-history":[{"count":16,"href":"https:\/\/webpro.com.pl\/index.php\/wp-json\/wp\/v2\/pages\/30\/revisions"}],"predecessor-version":[{"id":318,"href":"https:\/\/webpro.com.pl\/index.php\/wp-json\/wp\/v2\/pages\/30\/revisions\/318"}],"wp:attachment":[{"href":"https:\/\/webpro.com.pl\/index.php\/wp-json\/wp\/v2\/media?parent=30"}],"curies":[{"name":"wp","href":"https:\/\/api.w.org\/{rel}","templated":true}]}}